ve s(t).
-10
Suppose 4*r - 1 - 3 = 0, 2 = t + 2*r. Let o = -1 + t. Let p(v) = -v**2 + 14*v + 15*v + 4*v**2 + v**3 - 28*v. Determine p(o).
1
Let a(g) = g - 7. Let i be ((-9)/(-2))/((-4)/(-8)). Let r be a(i). Let w(b) = -b + 3 - 7*b**r + 3*b**2 + 3*b**2 + 0*b**2. Determine w(0).
3
Let l(b) = -7*b**3 - 2*b**2 - 5. Let d(r) be the second derivative of -3*r**5/10 - r**4/6 - 2*r**2 + 3*r. Let c(x) = 6*d(x) - 5*l(x). Calculate c(-1).
0
Let s(o) be the third derivative of o**6/120 - o**5/10 + 5*o**4/24 + 2*o**3/3 - 196*o**2. Give s(5).
4
Let d(h) = 0*h**2 - 3*h - 4*h**2 + 0*h**2 - 1. Let i = 71 - 73. Give d(i).
-11
Let t(a) be the second derivative of -a**4/12 + 2*a**3/3 + 14*a**2 - 2*a - 331. What is t(-4)?
-4
Let x(b) be the first derivative of -b**3/3 + 2*b**2 - 5*b - 141. Calculate x(5).
-10
Let j(b) = -9*b + 1. Let i(a) = a**3 + 5*a**2 - 6*a + 3. Let c be i(-6). Let o be -4 - -3 - c/3. Let w(g) = 26*g - 3. Let y(z) = o*w(z) - 7*j(z). What is y(1)?
10
Let d(q) = -q**2 - 7*q - 5. Suppose -8 = -5*p + v, 2*v = 5*p + 2 - 8. Let j(l) = 3*l**2 + 21*l + 14. Let m(u) = p*j(u) + 7*d(u). Determine m(-6).
-1
Let c = 15 + -10. Let b(x) = x**3 - 6*x**2 + 3*x + 3. Let j(v) = 2*v**3 - 12*v**2 + 5*v + 7. Let p(s) = 5*b(s) - 2*j(s). Calculate p(c).
1
Suppose 12 = 3*v + 6. Let g(b) = -3*b - 163 - 3*b**v - b**2 + 166 - b**3. Let f(h) = h - 9. Let d be f(6). Calculate g(d).
3
Let g = 0 + 5. Suppose 0 = -2*h + 5*f + 22, -h + g*f = -0*h - 16. Suppose -o = 2*r - 3*o + h, -5*r - 39 = o. Let t(c) = -c**3 - 6*c**2 + 5*c - 7. What is t(r)?
7
Let m(j) = 3*j - 12. Let w(s) = 3*s - 10. Let h(z) = 3*m(z) - 4*w(z). Give h(-4).
16
Let f(u) = -4*u + 2. Let d(w) = 5*w - 3. Let a(n) = -5*d(n) - 6*f(n). Let h = 702 + -695. Determine a(h).
-4
Let l(a) = -a - 7. Let p(o) = 2*o + 36. Let w be p(-17). Suppose 0 = -y + 2*j - 6, -2*y - j + 5 = w. Give l(y).
-7
Let w(q) = 7*q**3 + 11*q**2 - 13*q - 5. Let v(j) = 3*j**3 + 5*j**2 - 6*j - 2. Let g(i) = -5*v(i) + 2*w(i). Let m = 65 + -69. Calculate g(m).
0
Suppose 4*l = -5*k + 510, 0 = k + 2*l - l - 101. Let w(y) = k*y**3 - 107*y**3 - 3 + 0*y**2 - 3*y**2. What is w(-4)?
13
Let w(b) = b + 19. Suppose -4*y + 4*x + 75 = 127, -5*x = 2*y + 33. What is w(y)?
5
Let n = -118 - -187. Let f = 74 - n. Let t(s) = -s**2 + 7*s - 7. Calculate t(f).
3
Suppose -6*s = -7*s + 2. Let d = 3 - s. Suppose 3 + d = -h. Let r(g) = -3*g - 5. Calculate r(h).
7
Let d(s) be the third derivative of s**4/24 - s**3/3 - 53*s**2. Give d(9).
7
Let c(u) be the first derivative of -5*u**2/2 - 13*u + 89. Determine c(-8).
27
Let i(t) = -3*t + t**2 + 2*t**2 - 2*t - 4*t**2 + 4. Let j(v) = -4*v**2 - 20*v + 17. Let r(c) = -9*i(c) + 2*j(c). What is r(-5)?
-2
Let s(r) = -3*r + 2. Let d(m) = -2*m**3 - 2*m**2 - 2*m - 4. Let y be d(-2). Suppose 0 = -3*z - z - y. Determine s(z).
8
Let d be (-6 + 1)*6*(-6)/90. Let w(r) = -5*r**2 + r + 1. Determine w(d).
-17
Let o(s) = 7*s - 8. Suppose -2*j + 7*j + 10 = -5*i, 3*j - 6*i - 30 = 0. Give o(j).
6
Let o be (-1)/((-3)/1)*-6. Let z(m) be the third derivative of -m**4/24 - m**3/3 + 262*m**2. What is z(o)?
0
Let h(x) = 5*x + 2. Suppose 4*q - s + 74 = 2*s, 2*q + 32 = 4*s. Let k = 17 + q. Determine h(k).
-13
Let o(j) = -3*j - 2. Let y(n) = 5 - 1 + 8*n + 2 - 1. Let c(l) = -11*o(l) - 4*y(l). What is c(3)?
5
Suppose 15*g = 20*g - 15. Let o(n) = -2*n**3 + n**2 - 9 - 2*n**3 + 7*n**3 - 2*n**g. What is o(0)?
-9
Let j(r) = -9*r**2 - r. Let t be j(-1). Let c be 41 + t*(-2)/(-4). Let w = 34 - c. Let x(f) = -f**3 - 2*f**2 + 4*f + 2. Determine x(w).
-1
Let h = -1444 + 1451. Let x(o) = o**3 - 8*o**2 + o - 5. What is x(h)?
-47
Let n(o) = -17*o**2 - 3. Let y(j) = -22*j**2 - j - 4. Let a(m) = -4*n(m) + 3*y(m). Let r be 6/(-4)*(1 + -3). Give a(r).
9
Let b(r) = r**2 - 13*r - 8. Let k be (0 - -6)*2 + 4 + -6. Calculate b(k).
-38
Let v(u) = u**2 + 16*u + 63. Let k be v(-6). Let i(f) = f - 1. Let s(j) = 4*j - 7. Let x(h) = k*i(h) - s(h). Determine x(6).
-2
Suppose -3*p + 25 = -5*q, 4*q - 4*p = -p - 23. Let o(g) = -5*g**2 - 3*g - 2. Determine o(q).
-16
Suppose 3*i + 79 = -2. Let w = -22 - i. Let t(j) = j**3 + j**2 + 7*j - 12. Let v(h) = -2*h**3 - 3*h**2 - 15*h + 25. Let q(x) = 13*t(x) + 6*v(x). Determine q(w).
-1
Let l(r) = 7*r. Let f(a) = a**2 - 31*a + 33. Let p be f(30). Calculate l(p).
21
Let v = 10 - 1. Let b(u) = -u**2 + 11*u - 10. Let q be b(v). Let t(p) = 3 - 5*p**2 + 3*p + 7 - q - 4*p. Calculate t(-2).
-16
Let p(x) = 2*x + 2. Let a be 4 + 1 + 6/(-2). Suppose -26 = 4*k + a*b, -4*k = -5*k + 5*b - 23. Let m be -1*(-4)/k*6. Give p(m).
-4
Let f = -13 - -7. Let p be 1/4 - (-735)/84. Let n(j) = 0*j**2 + 21*j + p + j**2 - 15*j. Give n(f).
9
Let u = -19 + 22. Suppose -p + 20 = -5*a, p + 4*a + 4 = u*a. Let w(z) = p*z**2 + 1 + 2*z**2 + 6*z**2. Determine w(1).
9
Let l(v) = 13*v**3 - 13*v**2 - 29*v + 17. Let g(a) = 3*a**3 - 3*a**2 - 7*a + 4. Let s(u) = -9*g(u) + 2*l(u). Calculate s(3).
-5
Let g be (-57)/(-133) + 1170/14. Let b = g - 77. Let p(o) = 2*o - 10. Give p(b).
4
Let r(k) = -k**2 - 10*k - 6. Let x = -106 + 99. Determine r(x).
15
Let o(g) = -g**2 - 21*g - 11. Let q be o(-20). Let x(d) = -d**2 - q*d + 4 + 0*d**2 - 3*d**2 + 3*d**2. Determine x(-9).
4
Suppose 3*y - 2*a + 1 - 17 = 0, y - a = 7. Let s be y/(-4 + 2 - -3). Let b(c) = -c + c - 1 + s*c - 3*c. Determine b(-2).
1
Let z(i) = -5*i - 35. Let m be ((-14)/6)/((-1)/(-3)). Let d be z(m). Let t(v) = 1. Let u(r) = -r + 12. Let f(k) = -5*t(k) + u(k). Give f(d).
7
Let z be ((52/(-10))/1)/(6/15). Let m(q) = -2*q - 24. Calculate m(z).
2
Suppose -3*p = -2*j - 8, 3*p = 2*p + j + 1. Let m(k) = -11 + k**2 - 7*k + p + 4*k. Calculate m(4).
-1
Suppose -19*i + i - 126 = 0. Let l(b) = -b**3 - 7*b**2 - 2*b + 1. What is l(i)?
15
Let r(w) = -w**3 + 5*w**2 + 5*w. Let s be -5 + (17 - 1/(-2)*-12). What is r(s)?
-6
Let q(r) be the third derivative of 1/120*r**6 - 1/30*r**5 + 32*r**2 + 0*r**4 + 0*r + 1/6*r**3 + 0. Give q(3).
10
Let d(u) = -5*u**2 + u + 1. Let z(j) = j**2 - 4*j - 4. Let r be z(5). What is d(r)?
-3
Let v(f) = -2*f + 11. Let j(z) = -z**3 + 3*z**2 + 11*z + 6. Let a be j(-2). Calculate v(a).
3
Suppose -3*o + 32 = 4*t + o, 0 = -3*t + 4*o + 17. Let s = t - 14. Let q(v) = v**2 + 6*v - 1. Give q(s).
6
Let n = 93 + -89. Let z(r) = -15*r + 11. Let i(h) = -8*h + 6. Let w(l) = n*z(l) - 7*i(l). Calculate w(3).
-10
Let p(w) = 2*w - 7*w**3 + w**2 + 0 + 1 - w**3. Let k = -34 + 49. Suppose 16*h + 1 = -k. What is p(h)?
8
Let r(t) = -3*t - 8. Suppose 503 - 485 = -2*l. Calculate r(l).
19
Suppose 4*w - 7 - 5 = 5*t, 0 = -5*w + 15. Let l be -2*3/((-6)/1). Let n(g) = -g**3 - 4*g + l - 6 + 4*g - g**2. Determine n(t).
-5
Let r(t) = 3*t**2 - 4*t - 7. Let a(l) = -2*l**2 + 5*l + 6. Let u(d) = -4*a(d) - 3*r(d). Suppose 0 = 3*b + 2*z + 11, b - z = -4*b - 27. What is u(b)?
12
Let n(b) = b**2 + b - 5. Suppose 10*d = 8*d + 64. Let l = 32 - d. Give n(l).
-5
Suppose -2*w = -3*q + 14, -3*q - 10 = 4*w - 0*w. Let p(d) = -9 + 18*d - 8*d - 6*d**q + 2*d**2 + 3*d**2. Calculate p(9).
0
Let z = 18 + -14. Suppose -z*u = u - 25. Suppose 24 = u*y + y. Let p(t) = -t**2 + 4*t + 2. Determine p(y).
2
Suppose 6*f - 18 + 0 = 0. Suppose -f*t = 15 - 24. Let v(y) = y**2 - 4*y - 3. What is v(t)?
-6
Let w(q) = q**3 - 8*q**2 + 8*q + 8. Suppose u + 7 = 2*v - 18, 5*v = -u + 66. Suppose c + v = 4*o, -c - o + 20 - 8 = 0. Calculate w(c).
15
Let i = -5 - -9. Let r = 6 - i. Let t(v) = 1 + 4*v - r*v + 2*v - 4 + v**2. Give t(-4).
-3
Let h(s) = -s**2 + s + 1. Let p(w) = 2*w**2 - 2*w - 2. Let l(b) = 4*h(b) + p(b). Let i = 32 - 29. Calculate l(i).
-10
Let t(d) = -d**3 - 7*d**2 - 8. Let g(m) = -9*m**3 - 2*m**2 - 2*m - 1. Let b be g(-1). Let k be ((-28)/(-8))/((-4)/b). Determine t(k).
-8
Let c = -195 + 203. Let w(h) = -2*h + 8. Calculate w(c).
-8
Let t(v) be the first derivative of 3*v**2/2 - 9*v + 21. Calculate t(4).
3
Suppose 0 = 2*p - 4. Suppose -9 = -3*i - 3. Let y(h) = 0*h - h - 3*h**p + 1 - i. Give y(-1).
-3
Let a(h) = 23*h**2 + 20*h - 1. Let r be a(-1). Let n(d) = 2 + 3*d**2 + d**2 + 2*d - 3*d. Give n(r).
16
Suppose 0 = -o - 5, -18 + 15 = 2*m - 5*o. Let k(s) = -s**3 - 15*s**2 - 13*s + 13. Determine k(m).
-1
Suppose -4*b + 2*k + 12 = 0, 0 = -4*b - 12*k + 8*k. Let l(p) = -10*p + p**2 + p**2 + 3 + 6*p. What is l(b)?
3
Let a(b) be the third derivative of b**8/6720 + b**7/1260 + b**6/240 + b**5/40 + 47*